se 11, what is -2928137 - 5?
-2928141
In base 15, what is 3d390d - 1?
3d390c
In base 7, what is -44031 + 22402?
-21326
In base 7, what is -5 + 14104326?
14104321
In base 10, what is 233263 - -119?
233382
In base 10, what is -190920 + 447?
-190473
In base 9, what is -30501358 + -2?
-30501361
In base 14, what is 40 - 15b2a?
-15aca
In base 14, what is 102382 - c?
102374
In base 13, what is -69090c03 - -3?
-69090c00
In base 12, what is -1353030 + 2?
-135302a
In base 9, what is -2 + -782717150?
-782717152
In base 15, what is 33 + -213e3e?
-213e0b
In base 6, what is -51 + 13420145?
13420054
In base 15, what is 82b9134 + 5?
82b9139
In base 8, what is -2 - 15715612?
-15715614
In base 9, what is 3586 + -57?
3528
In base 16, what is 1 + -58c714?
-58c713
In base 2, what is 100111011000010001101 - 110?
100111011000010000111
In base 4, what is -110331323 + -23103?
-111021032
In base 3, what is 1 + -200211211100?
-200211211022
In base 16, what is 4e2 - 11c5fc?
-11c11a
In base 10, what is -4 + 8591252?
8591248
In base 9, what is 4 + -51388055?
-51388051
In base 5, what is 41212113043 - -3?
41212113101
In base 9, what is 1582 + -1081863?
-1080271
In base 14, what is 3cc8733 - -12?
3cc8745
In base 4, what is -122 + 122020322123?
122020322001
In base 6, what is 411241 + -1055?
410142
In base 13, what is -6 + 4c69893?
4c6988a
In base 3, what is 11 - 21001212002022200?
-21001212002022112
In base 5, what is 1210221320 - -3?
1210221323
In base 11, what is -2 - 3a242a?
-3a2431
In base 6, what is 222 + -21114325?
-21114103
In base 11, what is a55 + 2194?
3139
In base 9, what is -33302206 - -2?
-33302204
In base 5, what is -114213 - -102042?
-12121
In base 10, what is 11 + 168973?
168984
In base 7, what is 102 + 1336146?
1336251
In base 6, what is 34512 - 311324?
-232412
In base 9, what is -5 - -108184408?
108184403
In base 12, what is -3 - 597986?
-597989
In base 15, what is -2dec + 5b31?
2c34
In base 12, what is 19a - -1437a3?
143981
In base 14, what is -732 - -781d?
70cb
In base 12, what is -1a2a752 + b?
-1a2a743
In base 14, what is 419746 - -1?
419747
In base 11, what is 4a678a81 + -4?
4a678a78
In base 9, what is -8403 - 145?
-8548
In base 6, what is 205 + -2522524?
-2522315
In base 4, what is 111321 - -121323033?
122101020
In base 8, what is 30242277 + 16?
30242315
In base 9, what is 82727 + 36?
82764
In base 2, what is -1010 - -10111111001100010010011?
10111111001100010001001
In base 6, what is -31 - 112241144?
-112241215
In base 9, what is -1070 - 1154286?
-1155366
In base 13, what is 2850285 + 5?
285028a
In base 8, what is 5 - 4440400?
-4440373
In base 16, what is 12b28f + 44?
12b2d3
In base 12, what is 45 + b2864?
b28a9
In base 13, what is -23526 - 8b?
-235b4
In base 15, what is 1 - -b16a0a?
b16a0b
In base 7, what is 4 - -36142155?
36142162
In base 11, what is 413 - 149656?
-149243
In base 7, what is 26123 - 44560?
-15434
In base 5, what is 323 - 20442114?
-20441241
In base 9, what is 25412680 + -3?
25412676
In base 6, what is -425003 - 104440?
-533443
In base 2, what is -101 - 110110111000100010101000?
-110110111000100010101101
In base 10, what is 4 + 6710687?
6710691
In base 16, what is 11 - -23e927?
23e938
In base 9, what is 1 - 81031483?
-81031482
In base 12, what is -29 - 564b5b?
-564b88
In base 9, what is -10231434 - -5?
-10231428
In base 8, what is 150 + 41260175?
41260345
In base 16, what is -3f - 60069?
-600a8
In base 14, what is b31c6 + 215?
b33db
In base 12, what is 0 - 1a4?
-1a4
In base 5, what is -1032100342 + -210?
-1032101102
In base 9, what is -71112534 - -5?
-71112528
In base 7, what is 24130 - -5432?
32562
In base 9, what is -1114 - -12574?
11460
In base 2, what is -1101111101 - 11100001011111100101?
-11100001101101100010
In base 4, what is 122233001223 + -10?
122233001213
In base 7, what is 66634 + -545?
66056
In base 3, what is 11101022 + -120002?
10211020
In base 14, what is 177 + 2db319?
2db492
In base 6, what is -10 + 323222?
323212
In base 13, what is 0 - 49b9b991?
-49b9b991
In base 13, what is 701259 - -36?
701292
In base 8, what is 62724 - 22344?
40360
In base 8, what is 371 + -576?
-205
In base 14, what is -118b19 + -9c?
-118bb7
In base 10, what is -41 + 6835020?
6834979
In base 5, what is 1204042 - 2340111?
-1131014
In base 13, what is -12bc + 153937?
152648
In base 4, what is -1100313 + 10230131?
3123212
In base 6, what is -30 - -1021320052?
1021320022
In base 9, what is -215 - 18033?
-18248
In base 13, what is 193 - 5c0?
-42a
In base 10, what is -13396090 - -5?
-13396085
In base 14, what is -26c - -8525b?
84dcd
In base 14, what is 7920d - 1?
7920c
In base 8, what is -646 + -72204?
-73052
In base 16, what is -2c3 + -57b31?
-57df4
In base 8, what is 1 + -7237377?
-7237376
In base 9, what is 62221 - -57?
62278
In base 6, what is 223 - 121541311?
-121541044
In base 14, what is 14 - 312b85?
-312b71
In base 15, what is -cb0272a + 5?
-cb02725
In base 6, what is -4155343 + 240?
-4155103
In base 11, what is -350280 - 12?
-350292
In base 9, what is 13 + 855607?
855621
In base 7, what is -2421151 + 44?
-2421104
In base 16, what is -6c3a399 - 4?
-6c3a39d
In base 6, what is 1431213 + 1223?
1432440
In base 14, what is -22 + -2a1da3?
-2a1dc5
In base 8, what is 1206550 + 2546?
1211316
In base 13, what is aa7a28 - -3?
aa7a2b
In base 9, what is -14257 - -17841?
3573
In base 16, what is -711 + 12ce?
bbd
In base 2, what is 1010100 - -110110001111100000?
110110010000110100
In base 15, what is 200 + 378862?
378a62
In base 8, what is 213365354 - -4?
213365360
In base 13, what is 1954 + 6ab4?
8738
In base 9, what is -6832684 - 1?
-6832685
In base 3, what is 1012220201101121 - -1022?
1012220201102220
In base 16, what is b2b5 + 102?
b3b7
In base 13, what is 7 + -7c86c?
-7c865
In base 9, what is 660805 + -713?
660082
In base 16, what is 1 - a8a31a?
-a8a319
In base 13, what is -34 + 37635?
37601
In base 11, what is -107 + 8983?
8877
In base 2, what is 11110100101111100101 + 11?
11110100101111101000
In base 5, what is -3042301 - -10312?
-3031434
In base 8, what is -425407 + -66?
-425475
In base 16, what is c49b2 - -162?
c4b14
In base 11, what is -12241 - -1086?
-11166
In base 3, what is -1210001120211 - -20?
-1210001120121
In base 7, what is -3 + 244253024?
244253021
In base 2, what is -101011100100110011 - -1000011?
-101011100011110000
In base 14, what is 2 - -556a84?
556a86
In base 9, what is -23 + 278014?
277881
In base 5, what is -1414012440 - -1?
-1414012434
In base 14, what is -1 + -7a613dc?
-7a613dd
In base 16, what is b + -421f0?
-421e5
In base 11, what is -4 + -4a0170a?
-4a01713
In base 13, what is 772a9c - -20?
772abc
In base 15, what is -d939e0 - 4?
-d939e4
In base 4, what is -103101 + -10131122?
-10300223
In base 12, what is 10474 + -3353?
9121
In base 9, what is -440 - 118683?
-120233
In base 8, what is -142 - 1121765?
-1122127
In base 11, what is -16a + -3a339?
-3a4a8
In base 3, what is 1211222020 + 20?
1211222110
In base 13, what is -171c - a5a?
-2479
In base 12, what is 50 - -105691?
105721
In base 11, what is 17082 - -4387?
20459
In base 13, what is -3c - 6b00?
-6b3c
In base 9, what is 573850186 + -5?
573850181
In base 5, what is -32010 - -22102?
-4403
In base 11, what is 5771 - 1276?
44a6
In base 6, what is 5334123 - 55?
5334024
In base 16, what is 6b989 + -42?
6b947
In base 5, what is -2130332 + 30?
-2130302
In base 3, what is -210020 + -1022121?
-2002211
In base 6, what is -240 + 240505120?
240504440
In base 3, what is 112112001 - -12112222?
202002000
In base 5, what is -420103120 + 11?
-420103104
In base 12, what is 1042ba8b + 0?
1042ba8b
In base 13, what is 241bb1 + 3a?
241c1b
In base 16, what is -4e419 + 26?
-4e3f3
In base 5, what is -110122104114 - -2?
-110122104112
In base 2, what is 100 + 1001000111001100110000?
1001000111001100110100
In base 11, what is -13 + -223613?
-223626
In base 9, what is 551602 + -38?
551553
In base 6, what is 20402141 - -214?
20402355
In base 8, what is 2051 + -153560?
-151507
In base 9, what is -7505758 - -64?
-7505684
In base 6, what is -40200314 + 13?
-40200301
In base 8, what is -5 - 2720520431?
-2720520436
In base 2, what is 1111110110110000011101000 + 10010?
1111110110110000011111010
In base 11, what is -9 - -192089?
192080
In base 4, what is -1001223210220020 + 3?
-1001223210220011
In base 15, w